are the prime factors of q(7)?
3
Suppose 2*c = -c. Suppose n = -c*n. Suppose n = -j + 13 - 1. List the prime factors of j.
2, 3
Suppose 3*k - 15 = -2*k. Suppose 0 = -f + 3*q - 10, 4*q - k*q = 4*f - 4. Suppose -f*l = l + i - 107, -5*l - i = -177. What are the prime factors of l?
5, 7
Let m(i) = 9*i + 8. Let p be m(7). Let l = -29 - -94. Suppose 2*u - p = l. List the prime factors of u.
2, 17
Let f = 11 + -11. Suppose 2*o - 248 = -5*w, f = 4*w + o + 3*o - 208. Let r = -22 + w. List the prime factors of r.
2, 13
Let w = 9 + 179. What are the prime factors of w?
2, 47
Let o(a) = 16*a**2 - 11*a - 31. List the prime factors of o(-3).
2, 73
Let p = 162 + -132. What are the prime factors of p?
2, 3, 5
Let d = -246 - -547. What are the prime factors of d?
7, 43
List the prime factors of (-4660)/1*(8 + 221/(-26)).
2, 5, 233
What are the prime factors of (66/18 + -2)*6?
2, 5
Suppose 5*w - 2*w = o + 59, -4*o = -2*w + 186. Let z = 72 + o. List the prime factors of z.
2, 7
Suppose -4*s = 5*c + 117 + 541, 3*c + 2*s + 396 = 0. Let f = 41 - c. List the prime factors of f.
5, 7
Let i = 24 - 19. Suppose i*w - 10*w + 1045 = 0. Let d = w + -142. What are the prime factors of d?
67
Let a = -1102 - -2291. What are the prime factors of a?
29, 41
Let h(m) = 28*m**3 - 6*m**2 + 16*m - 5. What are the prime factors of h(2)?
227
Let w(m) = 0*m**3 - 1 + m - m**3 + 15*m**2 - 10. Let c = 436 + -421. What are the prime factors of w(c)?
2
Let g be 196/68 - (-6)/51. Let b(c) = 2*c - 2*c**2 + 3*c**2 + 7*c**g + 35 - 36. List the prime factors of b(2).
3, 7
Suppose 5*p + 6 = 3*u, 5*p - 2*p = -5*u + 10. List the prime factors of (-159)/(-2) + -2*u/(-8).
2, 5
Let t be (-8)/(3 + -1 - 0) - -1. List the prime factors of ((-158)/t)/(4/12).
2, 79
Suppose 0 = f - 5*f + 4*j + 388, -485 = -5*f + 2*j. What are the prime factors of f?
97
Let k(h) = -h**3 - 79*h**2 - 83*h + 38. List the prime factors of k(-78).
2, 107
Let c(g) = -2*g + 3. Let k = 1 + -4. Let o be c(k). Suppose o = 2*f + 3. What are the prime factors of f?
3
Suppose h - 63 + 23 = 0. Let m = h - -9. What are the prime factors of m?
7
Let h(z) = -z**3 + 5*z**2 + z - 1. Let t be h(5). Suppose -5*m - 4887 + 13928 = t*g, m - 1810 = g. What are the prime factors of (-4)/(-14) - m/(-63)?
29
Suppose q - 3*t + 24 = 2*t, 4*q + 4*t - 24 = 0. List the prime factors of q/(-6) - -10*(-203)/(-12).
13
Let u(t) = -7*t**3 - 12*t**2 + 3*t - 2. Let h(m) = 13*m**3 + 23*m**2 - 6*m + 3. Let i(w) = 6*h(w) + 11*u(w). List the prime factors of i(-6).
2, 7
Suppose 0*w = 3*w. Suppose w*y - y - 91 = -k, k - 2*y - 90 = 0. Suppose 37 + k = 3*s. List the prime factors of s.
43
Let n(d) = 3*d + 3 + 0*d + 8 - 6*d. Suppose 4*h + 25 = -h. What are the prime factors of n(h)?
2, 13
Let d be 143*(-2 + 1)*1. Let f = d - -207. Let i = f + -36. What are the prime factors of i?
2, 7
Suppose 7*r = 3*r + 24. Suppose -241 - 755 = -r*d. Suppose -2*k - 12 = -d. List the prime factors of k.
7, 11
What are the prime factors of 62/((-15 - -13) + 10/4)?
2, 31
Let x = 621 + -302. List the prime factors of x.
11, 29
Suppose -h + 5*u + 1596 + 1007 = 0, h = 4*u + 2607. List the prime factors of h.
43, 61
Let a(m) = -m**2 - 5*m + 10. Let x be a(-4). Suppose x*g = 13*g + 121. List the prime factors of g.
11
Let g = 26 + -39. Let r = g + 13. Suppose -l + r = -3. List the prime factors of l.
3
Suppose 0*c + 4 = 2*c. Suppose -5*j - n + 9 = -2*j, 0 = 5*j + n - 13. Suppose -c*v = 3*w - 28 + 5, w + j*v = 9. What are the prime factors of w?
7
List the prime factors of ((-40)/(-18))/10 - (-5209)/9.
3, 193
Suppose -l = -0*l - 5. Let q be (l/2*4)/2. Suppose -2*z + q*z - 66 = 0. List the prime factors of z.
2, 11
Suppose 0*c - 23 = z - 5*c, 5*c = 25. List the prime factors of (z/(-3))/((-12)/918).
3, 17
Let x = -216 - -400. List the prime factors of x.
2, 23
Let l(s) be the third derivative of s**6/60 - s**5/12 + s**4/8 - s**3/3 - 3*s**2. Let q be l(3). Let u = 29 - q. What are the prime factors of u?
13
Let a(g) = -g**2 - 3*g + 5. Let y be a(-5). Let v = y + 5. Suppose 2*d + v*d - 8 = 0. What are the prime factors of d?
2
Suppose 46*g - 43*g = -2*t + 5255, 2*g = -3*t + 3495. List the prime factors of g.
3, 5, 13
Suppose -5*b = -2*s + 562, 3*b + 51 = s - 228. List the prime factors of s.
3, 97
Let t be (982/4)/(18/36). Suppose 4*i - 3*j = 548, -4*j = 3*i + 80 - t. What are the prime factors of i?
137
Let i(a) = 2*a**2 - 59*a + 71. What are the prime factors of i(31)?
2, 41
Let h be (3/6)/(2/48). Let b be -3 - (h/4 - 9). Suppose -41 = -s - 2*d, 0*s - b*d = -2*s + 68. What are the prime factors of s?
37
Suppose -5764 = -18*d + 5108. List the prime factors of d.
2, 151
List the prime factors of (2/(-2) + 0)*-345.
3, 5, 23
Let g = -25 + 32. List the prime factors of (g/((-105)/(-6)))/((-2)/(-370)).
2, 37
Let g = 55 + -97. Let b be 3/(((-9)/(-204))/1). Let c = g + b. What are the prime factors of c?
2, 13
Let a = 42 + 450. List the prime factors of a.
2, 3, 41
Suppose -4*v = 3*v - 28. Suppose 5*i - 144 = 2*w, -2*w = v*i - 0*i - 108. List the prime factors of i.
2, 7
Let f(d) = -12*d - 133. What are the prime factors of f(-36)?
13, 23
Let p = -597 - -393. Let g = -13 - -12. What are the prime factors of g/(p/100 - -2)?
5
Let u = 1527 + -440. List the prime factors of u.
1087
Let n be (-1)/(-5) + 42/(-10). Let f be 8/n - (-5 + 1). List the prime factors of 141/6 - f/(-4).
2, 3
Let k(b) = -80*b + 3682. What are the prime factors of k(0)?
2, 7, 263
Suppose 3*x - 4 = 11. Suppose -x*u + 11 = -0*h + 2*h, -4*u = 2*h - 12. List the prime factors of h.
2
Suppose 2*d = -5 - 13. What are the prime factors of ((-3)/d)/(3/297)?
3, 11
Suppose 60*s = 34*s + 88452. List the prime factors of s.
2, 3, 7
Let o(s) = -7*s**3 - 2*s + 8*s**2 - 5*s**2 + 2 - 6 + 32*s**3. List the prime factors of o(2).
2, 3, 17
List the prime factors of 3 + 0 - (4 - 584 - 8).
3, 197
Suppose -i + 3*u = -0*u + 14, -4*i - 5*u = 5. Let n(w) = 12. Let o(y) = y - 34. Let z(k) = -17*n(k) - 6*o(k). List the prime factors of z(i).
2, 3, 5
Let d be 3 + 0/3 + 46. Let l = -41 + d. What are the prime factors of l?
2
Suppose 22*h = -21*h + 78303. List the prime factors of h.
3, 607
Suppose 0 = -y + 39 + 150. Suppose 2*h = 5*h - y. What are the prime factors of h?
3, 7
Suppose 8*k - h + 60 = 4*k, 2*h + 15 = -k. Let o = 87 + -48. Let b = k + o. List the prime factors of b.
2, 3
What are the prime factors of (-1 - -6)*1 - (-942 - -65)?
2, 3, 7
Let b = 16 - 14. Suppose b*u = -2*u - l - 49, -4*u - 61 = -3*l. Let d = 17 + u. List the prime factors of d.
2
List the prime factors of ((-141512)/(-9))/7 - 28/126.
2, 1123
Let g = -8 - -9. Let b(w) = 2*w**2 + 2. Let q(p) = -p**2 + 1. Let a(y) = g*b(y) - 2*q(y). List the prime factors of a(-2).
2
Suppose -b + 1864 = 5*y + 494, 4*b + 1370 = 5*y. What are the prime factors of y?
2, 137
Let r(m) = -m**3 + 13*m**2 - 5*m + 9. Let s be r(12). Let t be -1 + -1 + s + 4. Suppose -p = 4*p - t. List the prime factors of p.
19
Let f(v) = 3*v + 40. Let c be f(-14). Let g = 13 + 165. List the prime factors of g/9 + c/(-9).
2, 5
Let h = -885 + 2762. What are the prime factors of h?
1877
Let c(x) be the first derivative of -15*x**2/2 - 6*x - 1. Suppose -169*r + 194*r = -75. List the prime factors of c(r).
3, 13
What are the prime factors of 162*(-4 - (-18)/4)?
3
Let t(i) = 279*i - 55. List the prime factors of t(4).
1061
What are the prime factors of -3*(11 - (-1816)/(-6))?
5, 7
Suppose 4*g - 15 + 7 = 0. Let d(w) = w - 4*w + 3 + g*w. What are the prime factors of d(-6)?
3
Let b(z) = 3*z**2 - 13*z + 13. Let s(h) = -5*h**2 + 25*h - 27. Let g(u) = 7*b(u) + 4*s(u). Let w be g(-12). Let k = -4 + w. What are the prime factors of k?
3, 5
Suppose 5*d + 4*s - 55 = 0, 3*s - 42 = -4*d + 3. Suppose -d*g = -3102 - 138. What are the prime factors of g?
2, 3
Let l be 4 + 2 + (-2 - 1). Suppose -l*w + 21 - 125 = -4*u, 0 = w + 4. List the prime factors of u.
23
Suppose 8*n - 25*n + 68561 = 0. What are the prime factors of n?
37, 109
Let h = 23 - 6. Let b = 128 - h. What are the prime factors of b?
3, 37
Suppose -t = 5*i - 72, -2*t + 2*i + 93 = -15. Suppose 6*b - 3*b - t = 0. List the prime factors of b.
19
Suppose 46*o = 42*o + 628. What are the prime factors of o?
157
Suppose j + 0*b = b + 3, 0 = -5*j + 2*b + 18. Suppose -j*w = -8*w + 36. What ar